te the highest common divisor of 50 and 3125.
25
Calculate the greatest common factor of 481 and 2960.
37
What is the highest common factor of 188 and 3?
1
Calculate the greatest common factor of 128 and 144.
16
Calculate the greatest common divisor of 28 and 3584.
28
Calculate the greatest common factor of 3530 and 40.
10
What is the greatest common divisor of 615 and 45?
15
Calculate the greatest common divisor of 270 and 13590.
90
Calculate the highest common divisor of 72 and 372.
12
Calculate the greatest common factor of 280 and 2744.
56
Calculate the highest common divisor of 1079 and 39.
13
Calculate the highest common divisor of 187 and 1547.
17
Calculate the highest common divisor of 16 and 2.
2
Calculate the greatest common factor of 1865 and 5.
5
What is the highest common factor of 9 and 1179?
9
What is the greatest common divisor of 8 and 500?
4
What is the greatest common factor of 1 and 43?
1
What is the highest common divisor of 32 and 200?
8
Calculate the greatest common factor of 186 and 1364.
62
Calculate the greatest common factor of 16760 and 40.
40
Calculate the highest common factor of 5 and 12250.
5
What is the greatest common divisor of 785 and 5?
5
Calculate the highest common divisor of 273 and 195.
39
What is the highest common factor of 392 and 1281?
7
What is the highest common factor of 9 and 1737?
9
What is the highest common factor of 1593 and 27?
27
Calculate the greatest common factor of 675 and 27.
27
Calculate the greatest common divisor of 6477 and 102.
51
What is the greatest common factor of 8 and 76?
4
What is the greatest common factor of 216 and 27?
27
Calculate the greatest common divisor of 45 and 423.
9
Calculate the highest common factor of 21955 and 5.
5
Calculate the greatest common factor of 38 and 152.
38
What is the highest common factor of 676 and 8?
4
Calculate the greatest common divisor of 393 and 3.
3
Calculate the highest common factor of 162 and 6.
6
What is the highest common factor of 20 and 1420?
20
Calculate the highest common divisor of 13 and 11401.
13
Calculate the highest common divisor of 1379 and 112.
7
What is the greatest common factor of 3297 and 147?
21
Calculate the greatest common divisor of 44 and 583.
11
What is the greatest common factor of 108 and 936?
36
What is the highest common divisor of 36462 and 236?
118
Calculate the highest common divisor of 2057 and 231.
11
Calculate the greatest common divisor of 293 and 5.
1
What is the highest common factor of 11 and 7?
1
What is the greatest common factor of 92 and 782?
46
Calculate the highest common factor of 136 and 128.
8
Calculate the greatest common divisor of 658 and 470.
94
Calculate the greatest common factor of 7 and 371.
7
Calculate the highest common factor of 6684 and 60.
12
What is the highest common factor of 154 and 28?
14
What is the greatest common divisor of 105 and 84?
21
What is the greatest common divisor of 2796 and 60?
12
Calculate the highest common factor of 48 and 3.
3
Calculate the highest common divisor of 12369 and 279.
93
Calculate the greatest common divisor of 1640 and 25.
5
What is the highest common factor of 105436 and 172?
172
What is the highest common factor of 126 and 210?
42
What is the greatest common factor of 13 and 1534?
13
What is the greatest common factor of 357 and 1887?
51
Calculate the greatest common divisor of 134 and 1273.
67
Calculate the greatest common divisor of 122 and 183.
61
What is the greatest common divisor of 12 and 492?
12
What is the highest common divisor of 17 and 4743?
17
What is the highest common factor of 140 and 15?
5
What is the highest common factor of 1331 and 44?
11
What is the greatest common divisor of 1 and 26?
1
Calculate the greatest common divisor of 1372 and 12.
4
What is the highest common divisor of 5 and 1735?
5
What is the highest common factor of 891 and 363?
33
What is the greatest common factor of 1205 and 5?
5
Calculate the greatest common divisor of 37 and 37.
37
What is the greatest common factor of 513 and 27?
27
What is the greatest common factor of 493 and 58?
29
Calculate the greatest common factor of 248 and 8.
8
What is the greatest common factor of 1938 and 306?
102
What is the greatest common factor of 47 and 752?
47
What is the greatest common factor of 21 and 6?
3
What is the greatest common factor of 263 and 26563?
263
Calculate the greatest common divisor of 216 and 792.
72
What is the greatest common divisor of 194 and 2?
2
Calculate the greatest common factor of 22175 and 50.
25
Calculate the greatest common divisor of 1856 and 64.
64
Calculate the highest common factor of 10013 and 19.
19
Calculate the highest common factor of 6099 and 57.
57
Calculate the highest common factor of 34 and 289.
17
What is the highest common factor of 165 and 66?
33
Calculate the highest common factor of 67 and 871.
67
Calculate the highest common factor of 3841 and 23.
23
What is the highest common divisor of 2227 and 34?
17
What is the greatest common factor of 1134 and 308?
14
Calculate the greatest common divisor of 2359 and 28.
7
Calculate the greatest common divisor of 118 and 826.
118
What is the greatest common factor of 3204 and 264?
12
Calculate the highest common divisor of 169 and 43264.
169
What is the greatest common factor of 111 and 18352?
37
What is the highest common factor of 16 and 197?
1
What is the greatest common divisor of 1 and 199?
1
Calculate the highest common divisor of 8541 and 9.
9
Calculate the greatest common factor of 68 and 4.
4
What is the highest common factor of 3552 and 96?
96
Calculate the greatest common divisor of 33 and 1903.
11
What is the highest common factor of 408 and 328?
8
Calculate the greatest common divisor of 108 and 252.
36
Calculate the greatest common divisor of 1516 and 52.
4
What is the highest common divisor of 38 and 1406?
38
Calculate the highest common divisor of 740 and 20.
20
What is the greatest common divisor of 64 and 224?
32
What is the greatest common divisor of 127 and 635?
127
What is the highest common factor of 225 and 1185?
15
What is the greatest common divisor of 57 and 57?
57
What is the greatest common divisor of 370 and 10?
10
Calculate the highest common divisor of 20 and 248.
4
Calculate the highest common divisor of 162 and 288.
18
Calculate the greatest common divisor of 1216 and 19.
19
Calculate the highest common factor of 14 and 350.
14
What is the greatest common divisor of 291 and 2813?
97
What is the highest common divisor of 45 and 225?
45
Calculate the highest common factor of 1870 and 22.
22
Calculate the greatest common divisor of 63 and 84.
21
Calculate the highest common divisor of 324 and 432.
108
What is the highest common divisor of 107 and 7597?
107
What is the highest common factor of 68 and 7480?
68
What is the highest common divisor of 75 and 25?
25
What is the greatest common factor of 2014 and 212?
106
Calculate the greatest common divisor of 39 and 7384.
13
What is the highest common factor of 10225 and 25?
25
Calculate the highest common divisor of 194 and 7663.
97
What is the greatest common factor of 136 and 170?
34
What is the greatest common divisor of 415 and 249?
83
Calculate the greatest common divisor of 527 and 93.
31
Calculate the highest common divisor of 2 and 39.
1
What is the highest common divisor of 740 and 1332?
148
What is the highest common divisor of 93 and 12?
3
Calculate the greatest common divisor of 123285 and 15.
15
Calculate the greatest common divisor of 2889 and 27.
27
What is the greatest common divisor of 1281 and 147?
21
Calculate the greatest common factor of 306 and 2516.
34
What is the greatest common factor of 5930 and 20?
10
Calculate the greatest common divisor of 1496 and 391.
17
Calculate the greatest common factor of 8 and 176.
8
Calculate the highest common divisor of 190 and 38.
38
Calculate the highest common factor of 2398 and 22.
22
What is the highest common divisor of 54 and 45?
9
Calculate the highest common factor of 5652 and 36.
36
What is the greatest common divisor of 624 and 120?
24
Calculate the greatest common factor of 208 and 767.
13
Calculate the greatest common factor of 12 and 48.
12
What is the highest common divisor of 78 and 182?
26
Calculate the highest com